{"id":9,"date":"2023-07-19T00:30:07","date_gmt":"2023-07-19T00:30:07","guid":{"rendered":"http:\/\/clubcampestretampico.com.mx\/?page_id=9"},"modified":"2025-11-21T21:16:11","modified_gmt":"2025-11-21T21:16:11","slug":"inicio","status":"publish","type":"page","link":"https:\/\/clubcampestretampico.com.mx\/","title":{"rendered":"Inicio"},"content":{"rendered":"\n<div class=\"wp-block-columns is-layout-flex wp-container-core-columns-is-layout-9d6595d7 wp-block-columns-is-layout-flex\">\n<div class=\"wp-block-column is-layout-flow wp-block-column-is-layout-flow\" style=\"flex-basis:66.66%\">\n<h1 class=\"wp-block-heading has-text-color\" style=\"color:#0c5426\">Edici\u00f3n de Septiembre<\/h1>\n\n\n\n<figure class=\"wp-block-image size-large\"><a href=\"http:\/\/clubcampestretampico.com.mx\/Revista\/RevistaCCT_Septiembre2025.pdf\" target=\"_blank\" rel=\" noreferrer noopener\"><img loading=\"lazy\" decoding=\"async\" width=\"1024\" height=\"683\" src=\"https:\/\/clubcampestretampico.com.mx\/wp-content\/uploads\/2025\/11\/Portada_Septiembre25-1024x683.jpg\" alt=\"\" class=\"wp-image-886\" srcset=\"https:\/\/clubcampestretampico.com.mx\/wp-content\/uploads\/2025\/11\/Portada_Septiembre25-1024x683.jpg 1024w, https:\/\/clubcampestretampico.com.mx\/wp-content\/uploads\/2025\/11\/Portada_Septiembre25-300x200.jpg 300w, https:\/\/clubcampestretampico.com.mx\/wp-content\/uploads\/2025\/11\/Portada_Septiembre25-768x512.jpg 768w, https:\/\/clubcampestretampico.com.mx\/wp-content\/uploads\/2025\/11\/Portada_Septiembre25-1536x1024.jpg 1536w, https:\/\/clubcampestretampico.com.mx\/wp-content\/uploads\/2025\/11\/Portada_Septiembre25.jpg 1800w\" sizes=\"auto, (max-width: 767px) 89vw, (max-width: 1000px) 54vw, (max-width: 1071px) 543px, 580px\" \/><\/a><\/figure>\n\n\n\n<p><strong>El Torneo de Independencia <\/strong>dej\u00f3 muy gratos recuerdos entre los contendientes.<\/p>\n\n\n\n<figure class=\"wp-block-gallery has-nested-images columns-default is-cropped wp-block-gallery-1 is-layout-flex wp-block-gallery-is-layout-flex\">\n<figure class=\"wp-block-image size-large\"><a href=\"http:\/\/clubcampestretampico.com.mx\/Revista\/RevistaCCT_Septiembre2025.pdf\" target=\"_blank\" rel=\" noreferrer noopener\"><img loading=\"lazy\" decoding=\"async\" width=\"1024\" height=\"1024\" data-id=\"884\" src=\"https:\/\/clubcampestretampico.com.mx\/wp-content\/uploads\/2025\/11\/Thumb_CelebracionAliciaVega-1024x1024.jpg\" alt=\"\" class=\"wp-image-884\" srcset=\"https:\/\/clubcampestretampico.com.mx\/wp-content\/uploads\/2025\/11\/Thumb_CelebracionAliciaVega-1024x1024.jpg 1024w, https:\/\/clubcampestretampico.com.mx\/wp-content\/uploads\/2025\/11\/Thumb_CelebracionAliciaVega-300x300.jpg 300w, https:\/\/clubcampestretampico.com.mx\/wp-content\/uploads\/2025\/11\/Thumb_CelebracionAliciaVega-150x150.jpg 150w, https:\/\/clubcampestretampico.com.mx\/wp-content\/uploads\/2025\/11\/Thumb_CelebracionAliciaVega-768x768.jpg 768w, https:\/\/clubcampestretampico.com.mx\/wp-content\/uploads\/2025\/11\/Thumb_CelebracionAliciaVega-100x100.jpg 100w, https:\/\/clubcampestretampico.com.mx\/wp-content\/uploads\/2025\/11\/Thumb_CelebracionAliciaVega.jpg 1200w\" sizes=\"auto, (max-width: 767px) 89vw, (max-width: 1000px) 54vw, (max-width: 1071px) 543px, 580px\" \/><\/a><\/figure>\n\n\n\n<figure class=\"wp-block-image size-large\"><a href=\"http:\/\/clubcampestretampico.com.mx\/Revista\/RevistaCCT_Septiembre2025.pdf\" target=\"_blank\" rel=\" noreferrer noopener\"><img loading=\"lazy\" decoding=\"async\" width=\"1024\" height=\"1024\" data-id=\"885\" src=\"https:\/\/clubcampestretampico.com.mx\/wp-content\/uploads\/2025\/11\/Thumb_CoronacionDeportivo-1024x1024.jpg\" alt=\"\" class=\"wp-image-885\" srcset=\"https:\/\/clubcampestretampico.com.mx\/wp-content\/uploads\/2025\/11\/Thumb_CoronacionDeportivo-1024x1024.jpg 1024w, https:\/\/clubcampestretampico.com.mx\/wp-content\/uploads\/2025\/11\/Thumb_CoronacionDeportivo-300x300.jpg 300w, https:\/\/clubcampestretampico.com.mx\/wp-content\/uploads\/2025\/11\/Thumb_CoronacionDeportivo-150x150.jpg 150w, https:\/\/clubcampestretampico.com.mx\/wp-content\/uploads\/2025\/11\/Thumb_CoronacionDeportivo-768x768.jpg 768w, https:\/\/clubcampestretampico.com.mx\/wp-content\/uploads\/2025\/11\/Thumb_CoronacionDeportivo-100x100.jpg 100w, https:\/\/clubcampestretampico.com.mx\/wp-content\/uploads\/2025\/11\/Thumb_CoronacionDeportivo.jpg 1200w\" sizes=\"auto, (max-width: 767px) 89vw, (max-width: 1000px) 54vw, (max-width: 1071px) 543px, 580px\" \/><\/a><\/figure>\n<\/figure>\n<\/div>\n\n\n\n<div class=\"wp-block-column is-layout-flow wp-block-column-is-layout-flow\" style=\"flex-basis:33.33%\">\n<figure class=\"wp-block-table is-style-stripes has-small-font-size\"><table><thead><tr><th><mark style=\"background-color:rgba(0, 0, 0, 0);color:#0c5426\" class=\"has-inline-color\"><strong>Algunas notas:<\/strong><\/mark><\/th><\/tr><\/thead><tbody><tr><td><em>\u2014 \u00a1Competencia y tradici\u00f3n!&nbsp;<\/em> en el Gran Torneo de Golf de Independencia 2025<\/td><\/tr><tr><td><em>\u2014 Una noche memorable <\/em>en la Coronaci\u00f3n del Deportivo Espa\u00f1ol<\/td><\/tr><tr><td><em>\u2014 Magia y alegr\u00eda<\/em> en el cumplea\u00f1os de Mait\u00e9 Fern\u00e1ndez Cant\u00f3n<\/td><\/tr><tr><td><em>\u2014 Pedro Pablo celebra en grande, <\/em>sus XV a\u00f1os con familia y amigos<\/td><\/tr><tr><td><em>\u2014 Una encantadora celebraci\u00f3n para<\/em> Alicia Vega Rend\u00f3n<\/td><\/tr><\/tbody><\/table><\/figure>\n\n\n\n<p><\/p>\n\n\n\n<div class=\"wp-block-buttons is-layout-flex wp-block-buttons-is-layout-flex\">\n<div class=\"wp-block-button has-custom-width wp-block-button__width-100 is-style-fill\"><a class=\"wp-block-button__link has-luminous-vivid-amber-to-luminous-vivid-orange-gradient-background has-background has-small-font-size has-text-align-center has-custom-font-size wp-element-button\" href=\"http:\/\/clubcampestretampico.com.mx\/Revista\/RevistaCCT_Septiembre2025.pdf\" target=\"_blank\" rel=\"noreferrer noopener\">Ver edici\u00f3n de Septiembre<\/a><\/div>\n<\/div>\n<\/div>\n<\/div>\n\n\n\n<div class=\"wp-block-buttons is-content-justification-center is-layout-flex wp-container-core-buttons-is-layout-16018d1d wp-block-buttons-is-layout-flex\">\n<div class=\"wp-block-button has-custom-width wp-block-button__width-50 is-style-outline is-style-outline--2\"><a class=\"wp-block-button__link has-small-font-size has-custom-font-size wp-element-button\" href=\"https:\/\/clubcampestretampico.com.mx\/index.php\/revista-digital-del-club\/\">Ver m\u00e1s ediciones de la revista<\/a><\/div>\n<\/div>\n","protected":false},"excerpt":{"rendered":"<p>Edici\u00f3n de Septiembre El Torneo de Independencia dej\u00f3 muy gratos recuerdos entre los contendientes. Algunas notas: \u2014 \u00a1Competencia y tradici\u00f3n!&nbsp; en el Gran Torneo de Golf de Independencia 2025 \u2014 Una noche memorable en la Coronaci\u00f3n del Deportivo Espa\u00f1ol \u2014 Magia y alegr\u00eda en el cumplea\u00f1os de Mait\u00e9 Fern\u00e1ndez Cant\u00f3n \u2014 Pedro Pablo celebra en &hellip; <\/p>\n<p class=\"link-more\"><a href=\"https:\/\/clubcampestretampico.com.mx\/\" class=\"more-link\">Continuar leyendo<span class=\"screen-reader-text\"> \u00abInicio\u00bb<\/span><\/a><\/p>\n","protected":false},"author":1,"featured_media":77,"parent":0,"menu_order":0,"comment_status":"closed","ping_status":"closed","template":"","meta":{"_uag_custom_page_level_css":"","footnotes":""},"class_list":["post-9","page","type-page","status-publish","has-post-thumbnail","hentry"],"uagb_featured_image_src":{"full":["https:\/\/clubcampestretampico.com.mx\/wp-content\/uploads\/2023\/07\/001_Portada-1.jpg",2000,1200,false],"thumbnail":["https:\/\/clubcampestretampico.com.mx\/wp-content\/uploads\/2023\/07\/001_Portada-1-150x150.jpg",150,150,true],"medium":["https:\/\/clubcampestretampico.com.mx\/wp-content\/uploads\/2023\/07\/001_Portada-1-300x180.jpg",300,180,true],"medium_large":["https:\/\/clubcampestretampico.com.mx\/wp-content\/uploads\/2023\/07\/001_Portada-1-768x461.jpg",525,315,true],"large":["https:\/\/clubcampestretampico.com.mx\/wp-content\/uploads\/2023\/07\/001_Portada-1-1024x614.jpg",525,315,true],"1536x1536":["https:\/\/clubcampestretampico.com.mx\/wp-content\/uploads\/2023\/07\/001_Portada-1-1536x922.jpg",1536,922,true],"2048x2048":["https:\/\/clubcampestretampico.com.mx\/wp-content\/uploads\/2023\/07\/001_Portada-1.jpg",2000,1200,false],"twentyseventeen-featured-image":["https:\/\/clubcampestretampico.com.mx\/wp-content\/uploads\/2023\/07\/001_Portada-1.jpg",2000,1200,false],"twentyseventeen-thumbnail-avatar":["https:\/\/clubcampestretampico.com.mx\/wp-content\/uploads\/2023\/07\/001_Portada-1-100x100.jpg",100,100,true]},"uagb_author_info":{"display_name":"admin","author_link":"https:\/\/clubcampestretampico.com.mx\/index.php\/author\/ctc\/"},"uagb_comment_info":0,"uagb_excerpt":"Edici\u00f3n de Septiembre El Torneo de Independencia dej\u00f3 muy gratos recuerdos entre los contendientes. Algunas notas: \u2014 \u00a1Competencia y tradici\u00f3n!&nbsp; en el Gran Torneo de Golf de Independencia 2025 \u2014 Una noche memorable en la Coronaci\u00f3n del Deportivo Espa\u00f1ol \u2014 Magia y alegr\u00eda en el cumplea\u00f1os de Mait\u00e9 Fern\u00e1ndez Cant\u00f3n \u2014 Pedro Pablo celebra en&hellip;","_links":{"self":[{"href":"https:\/\/clubcampestretampico.com.mx\/index.php\/wp-json\/wp\/v2\/pages\/9","targetHints":{"allow":["GET"]}}],"collection":[{"href":"https:\/\/clubcampestretampico.com.mx\/index.php\/wp-json\/wp\/v2\/pages"}],"about":[{"href":"https:\/\/clubcampestretampico.com.mx\/index.php\/wp-json\/wp\/v2\/types\/page"}],"author":[{"embeddable":true,"href":"https:\/\/clubcampestretampico.com.mx\/index.php\/wp-json\/wp\/v2\/users\/1"}],"replies":[{"embeddable":true,"href":"https:\/\/clubcampestretampico.com.mx\/index.php\/wp-json\/wp\/v2\/comments?post=9"}],"version-history":[{"count":34,"href":"https:\/\/clubcampestretampico.com.mx\/index.php\/wp-json\/wp\/v2\/pages\/9\/revisions"}],"predecessor-version":[{"id":888,"href":"https:\/\/clubcampestretampico.com.mx\/index.php\/wp-json\/wp\/v2\/pages\/9\/revisions\/888"}],"wp:featuredmedia":[{"embeddable":true,"href":"https:\/\/clubcampestretampico.com.mx\/index.php\/wp-json\/wp\/v2\/media\/77"}],"wp:attachment":[{"href":"https:\/\/clubcampestretampico.com.mx\/index.php\/wp-json\/wp\/v2\/media?parent=9"}],"curies":[{"name":"wp","href":"https:\/\/api.w.org\/{rel}","templated":true}]}}